{"id":112,"date":"2019-10-07T23:02:34","date_gmt":"2019-10-07T21:02:34","guid":{"rendered":"https:\/\/vg-initiative.de\/?page_id=112"},"modified":"2021-09-03T14:02:16","modified_gmt":"2021-09-03T12:02:16","slug":"inhaltsseite","status":"publish","type":"page","link":"https:\/\/vg-initiative.de\/?page_id=112","title":{"rendered":"Kontakt"},"content":{"rendered":"<p>[et_pb_section fb_built=&#8220;1&#8243; admin_label=&#8220;Reach Us Section&#8220; _builder_version=&#8220;3.26.6&#8243; background_enable_image=&#8220;off&#8220; background_position=&#8220;bottom_center&#8220; min_height=&#8220;400px&#8220; custom_padding=&#8220;0px||0%|||&#8220;][et_pb_row _builder_version=&#8220;3.26.6&#8243;][et_pb_column type=&#8220;4_4&#8243; _builder_version=&#8220;3.26.6&#8243;][et_pb_text _builder_version=&#8220;3.26.6&#8243;]<\/p>\n<p><strong>Kontakt<\/strong><\/p>\n<p>[\/et_pb_text][\/et_pb_column][\/et_pb_row][et_pb_row column_structure=&#8220;1_4,1_4,1_2&#8243; admin_label=&#8220;Reach Us Area&#8220; _builder_version=&#8220;3.25&#8243; custom_margin=&#8220;|||&#8220; custom_padding=&#8220;||71px|||&#8220;][et_pb_column type=&#8220;1_4&#8243; _builder_version=&#8220;3.25&#8243; custom_padding=&#8220;|||&#8220; custom_padding__hover=&#8220;|||&#8220;][et_pb_blurb content_max_width=&#8220;1100px&#8220; admin_label=&#8220;Address&#8220; _builder_version=&#8220;3.26.6&#8243; header_font=&#8220;|600|||||||&#8220; header_font_size=&#8220;16px&#8220; header_line_height=&#8220;1.8em&#8220; body_font=&#8220;||||||||&#8220; body_font_size=&#8220;16px&#8220; body_line_height=&#8220;1.8em&#8220; animation_style=&#8220;fold&#8220; animation_direction=&#8220;left&#8220; animation_intensity_fold=&#8220;20%&#8220; animation_starting_opacity=&#8220;100%&#8220;]<\/p>\n<p>vg-initiative<\/p>\n<p><span>Dr. Hoffmann in Stiftung<\/span><br class=\"\" \/><span>\u201ekunst.konkret.konstruktiv &#8211; vordemberge-gildewart&#8220;<\/span><\/p>\n<p>[\/et_pb_blurb][\/et_pb_column][et_pb_column type=&#8220;1_4&#8243; _builder_version=&#8220;3.25&#8243; custom_padding=&#8220;|||&#8220; custom_padding__hover=&#8220;|||&#8220;][et_pb_blurb title=&#8220;Adresse&#8220; content_max_width=&#8220;1100px&#8220; admin_label=&#8220;Address&#8220; _builder_version=&#8220;3.26.6&#8243; header_font=&#8220;|600|||||||&#8220; header_font_size=&#8220;16px&#8220; header_line_height=&#8220;1.8em&#8220; body_font=&#8220;||||||||&#8220; body_font_size=&#8220;16px&#8220; body_line_height=&#8220;1.8em&#8220; animation_style=&#8220;fold&#8220; animation_direction=&#8220;left&#8220; animation_intensity_fold=&#8220;20%&#8220; animation_starting_opacity=&#8220;100%&#8220;]<\/p>\n<div class=\"et_pb_blurb_description\">\n<p>c\/o B\u00fcrgerstiftung<\/p>\n<p>Lohstra\u00dfe 2<\/p>\n<p>49074 Osnabr\u00fcck<\/p>\n<\/div>\n<p>[\/et_pb_blurb][et_pb_blurb title=&#8220;E-Mail&#8220; content_max_width=&#8220;1100px&#8220; admin_label=&#8220;Address&#8220; _builder_version=&#8220;3.26.6&#8243; header_font=&#8220;|600|||||||&#8220; header_font_size=&#8220;16px&#8220; header_line_height=&#8220;1.8em&#8220; body_font=&#8220;||||||||&#8220; body_font_size=&#8220;16px&#8220; body_line_height=&#8220;1.8em&#8220; animation_style=&#8220;fold&#8220; animation_direction=&#8220;left&#8220; animation_intensity_fold=&#8220;20%&#8220; animation_starting_opacity=&#8220;100%&#8220;]<\/p>\n<p>info@vg-initiative.de<\/p>\n<p>[\/et_pb_blurb][\/et_pb_column][et_pb_column type=&#8220;1_2&#8243; _builder_version=&#8220;3.25&#8243; custom_padding=&#8220;|||&#8220; custom_padding__hover=&#8220;|||&#8220;][et_pb_blurb title=&#8220;Telefon&#8220; content_max_width=&#8220;1100px&#8220; admin_label=&#8220;Address&#8220; _builder_version=&#8220;3.26.6&#8243; header_font=&#8220;|600|||||||&#8220; header_font_size=&#8220;16px&#8220; header_line_height=&#8220;1.8em&#8220; body_font=&#8220;||||||||&#8220; body_font_size=&#8220;16px&#8220; body_line_height=&#8220;1.8em&#8220; animation_style=&#8220;fold&#8220; animation_direction=&#8220;left&#8220; animation_intensity_fold=&#8220;20%&#8220; animation_starting_opacity=&#8220;100%&#8220;]<\/p>\n<p>0541 3231000<\/p>\n<p>[\/et_pb_blurb][\/et_pb_column][\/et_pb_row][\/et_pb_section][et_pb_section fb_built=&#8220;1&#8243; _builder_version=&#8220;3.26.6&#8243; background_color=&#8220;#f7f7f7&#8243;][et_pb_row _builder_version=&#8220;3.26.6&#8243;][et_pb_column type=&#8220;4_4&#8243; _builder_version=&#8220;3.26.6&#8243;][et_pb_text _builder_version=&#8220;3.26.6&#8243; text_text_align=&#8220;center&#8220;]<\/p>\n<h2><span style=\"font-family: Verdana; font-size:42px;\">Unsere Ansprechpartner<br \/><\/span><\/h2>\n<p>[\/et_pb_text][et_pb_divider color=&#8220;#000000&#8243; divider_weight=&#8220;3px&#8220; _builder_version=&#8220;3.26.6&#8243; max_width=&#8220;50px&#8220; module_alignment=&#8220;center&#8220;][\/et_pb_divider][\/et_pb_column][\/et_pb_row][et_pb_row column_structure=&#8220;1_2,1_2&#8243; admin_label=&#8220;Members Area&#8220; _builder_version=&#8220;3.26.6&#8243;][et_pb_column type=&#8220;1_2&#8243; _builder_version=&#8220;3.25&#8243; custom_padding=&#8220;|||&#8220; custom_padding__hover=&#8220;|||&#8220;][et_pb_team_member name=&#8220;Dr. Siegfried Hoffmann&#8220; image_url=&#8220;https:\/\/vg-initiative.de\/wp-content\/uploads\/2021\/07\/X2021-06-16-Portraits-03.jpg&#8220; _builder_version=&#8220;3.26.6&#8243; header_font=&#8220;|700|||||||&#8220; body_font=&#8220;||||||||&#8220; body_font_size=&#8220;16px&#8220; text_orientation=&#8220;left&#8220; width=&#8220;63%&#8220; custom_margin=&#8220;|auto||auto|false|false&#8220; animation_style=&#8220;fade&#8220;][\/et_pb_team_member][\/et_pb_column][et_pb_column type=&#8220;1_2&#8243; _builder_version=&#8220;3.25&#8243; custom_padding=&#8220;|||&#8220; custom_padding__hover=&#8220;|||&#8220;][et_pb_team_member name=&#8220;Dr. Hans Peterse&#8220; image_url=&#8220;https:\/\/vg-initiative.de\/wp-content\/uploads\/2021\/07\/X2021-06-16-Portraits-13.jpg&#8220; _builder_version=&#8220;3.26.6&#8243; header_font=&#8220;|700|||||||&#8220; body_font=&#8220;||||||||&#8220; body_font_size=&#8220;16px&#8220; text_orientation=&#8220;left&#8220; width=&#8220;63%&#8220; custom_margin=&#8220;|auto||auto|false|false&#8220; animation_style=&#8220;fade&#8220;][\/et_pb_team_member][\/et_pb_column][\/et_pb_row][\/et_pb_section]<\/p>\n","protected":false},"excerpt":{"rendered":"<p>Kontaktvg-initiative Dr. Hoffmann in Stiftung\u201ekunst.konkret.konstruktiv &#8211; vordemberge-gildewart&#8220; c\/o B\u00fcrgerstiftung Lohstra\u00dfe 2 49074 Osnabr\u00fcck info@vg-initiative.de0541 3231000Unsere Ansprechpartner<\/p>\n","protected":false},"author":1,"featured_media":0,"parent":0,"menu_order":0,"comment_status":"closed","ping_status":"closed","template":"","meta":{"_et_pb_use_builder":"on","_et_pb_old_content":"","_et_gb_content_width":"","footnotes":""},"class_list":["post-112","page","type-page","status-publish","hentry"],"_links":{"self":[{"href":"https:\/\/vg-initiative.de\/index.php?rest_route=\/wp\/v2\/pages\/112"}],"collection":[{"href":"https:\/\/vg-initiative.de\/index.php?rest_route=\/wp\/v2\/pages"}],"about":[{"href":"https:\/\/vg-initiative.de\/index.php?rest_route=\/wp\/v2\/types\/page"}],"author":[{"embeddable":true,"href":"https:\/\/vg-initiative.de\/index.php?rest_route=\/wp\/v2\/users\/1"}],"replies":[{"embeddable":true,"href":"https:\/\/vg-initiative.de\/index.php?rest_route=%2Fwp%2Fv2%2Fcomments&post=112"}],"version-history":[{"count":25,"href":"https:\/\/vg-initiative.de\/index.php?rest_route=\/wp\/v2\/pages\/112\/revisions"}],"predecessor-version":[{"id":3810,"href":"https:\/\/vg-initiative.de\/index.php?rest_route=\/wp\/v2\/pages\/112\/revisions\/3810"}],"wp:attachment":[{"href":"https:\/\/vg-initiative.de\/index.php?rest_route=%2Fwp%2Fv2%2Fmedia&parent=112"}],"curies":[{"name":"wp","href":"https:\/\/api.w.org\/{rel}","templated":true}]}}

<p>[et_pb_section fb_built=&#8220;1&#8243; admin_label=&#8220;Reach Us Section&#8220; _builder_version=&#8220;3.26.6&#8243; background_enable_image=&#8220;off&#8220; background_position=&#8220;bottom_center&#8220; min_height=&#8220;400px&#8220; custom_padding=&#8220;0px||0%|||&#8220;][et_pb_row _builder_version=&#8220;3.26.6&#8243;][et_pb_column type=&#8220;4_4&#8243; _builder_version=&#8220;3.26.6&#8243;][et_pb_text _builder_version=&#8220;3.26.6&#8243;]</p>
<p><strong>Kontakt</strong></p>
<p>[/et_pb_text][/et_pb_column][/et_pb_row][et_pb_row column_structure=&#8220;1_4,1_4,1_2&#8243; admin_label=&#8220;Reach Us Area&#8220; _builder_version=&#8220;3.25&#8243; custom_margin=&#8220;|||&#8220; custom_padding=&#8220;||71px|||&#8220;][et_pb_column type=&#8220;1_4&#8243; _builder_version=&#8220;3.25&#8243; custom_padding=&#8220;|||&#8220; custom_padding__hover=&#8220;|||&#8220;][et_pb_blurb content_max_width=&#8220;1100px&#8220; admin_label=&#8220;Address&#8220; _builder_version=&#8220;3.26.6&#8243; header_font=&#8220;|600|||||||&#8220; header_font_size=&#8220;16px&#8220; header_line_height=&#8220;1.8em&#8220; body_font=&#8220;||||||||&#8220; body_font_size=&#8220;16px&#8220; body_line_height=&#8220;1.8em&#8220; animation_style=&#8220;fold&#8220; animation_direction=&#8220;left&#8220; animation_intensity_fold=&#8220;20%&#8220; animation_starting_opacity=&#8220;100%&#8220;]</p>
<p>vg-initiative</p>
<p><span>Dr. Hoffmann in Stiftung</span><br class="" /><span>„kunst.konkret.konstruktiv &#8211; vordemberge-gildewart&#8220;</span></p>
<p>[/et_pb_blurb][/et_pb_column][et_pb_column type=&#8220;1_4&#8243; _builder_version=&#8220;3.25&#8243; custom_padding=&#8220;|||&#8220; custom_padding__hover=&#8220;|||&#8220;][et_pb_blurb title=&#8220;Adresse&#8220; content_max_width=&#8220;1100px&#8220; admin_label=&#8220;Address&#8220; _builder_version=&#8220;3.26.6&#8243; header_font=&#8220;|600|||||||&#8220; header_font_size=&#8220;16px&#8220; header_line_height=&#8220;1.8em&#8220; body_font=&#8220;||||||||&#8220; body_font_size=&#8220;16px&#8220; body_line_height=&#8220;1.8em&#8220; animation_style=&#8220;fold&#8220; animation_direction=&#8220;left&#8220; animation_intensity_fold=&#8220;20%&#8220; animation_starting_opacity=&#8220;100%&#8220;]</p>
<div class="et_pb_blurb_description">
<p>c/o Bürgerstiftung</p>
<p>Lohstraße 2</p>
<p>49074 Osnabrück</p>
</div>
<p>[/et_pb_blurb][et_pb_blurb title=&#8220;E-Mail&#8220; content_max_width=&#8220;1100px&#8220; admin_label=&#8220;Address&#8220; _builder_version=&#8220;3.26.6&#8243; header_font=&#8220;|600|||||||&#8220; header_font_size=&#8220;16px&#8220; header_line_height=&#8220;1.8em&#8220; body_font=&#8220;||||||||&#8220; body_font_size=&#8220;16px&#8220; body_line_height=&#8220;1.8em&#8220; animation_style=&#8220;fold&#8220; animation_direction=&#8220;left&#8220; animation_intensity_fold=&#8220;20%&#8220; animation_starting_opacity=&#8220;100%&#8220;]</p>
<p>info@vg-initiative.de</p>
<p>[/et_pb_blurb][/et_pb_column][et_pb_column type=&#8220;1_2&#8243; _builder_version=&#8220;3.25&#8243; custom_padding=&#8220;|||&#8220; custom_padding__hover=&#8220;|||&#8220;][et_pb_blurb title=&#8220;Telefon&#8220; content_max_width=&#8220;1100px&#8220; admin_label=&#8220;Address&#8220; _builder_version=&#8220;3.26.6&#8243; header_font=&#8220;|600|||||||&#8220; header_font_size=&#8220;16px&#8220; header_line_height=&#8220;1.8em&#8220; body_font=&#8220;||||||||&#8220; body_font_size=&#8220;16px&#8220; body_line_height=&#8220;1.8em&#8220; animation_style=&#8220;fold&#8220; animation_direction=&#8220;left&#8220; animation_intensity_fold=&#8220;20%&#8220; animation_starting_opacity=&#8220;100%&#8220;]</p>
<p>0541 3231000</p>
<p>[/et_pb_blurb][/et_pb_column][/et_pb_row][/et_pb_section][et_pb_section fb_built=&#8220;1&#8243; _builder_version=&#8220;3.26.6&#8243; background_color=&#8220;#f7f7f7&#8243;][et_pb_row _builder_version=&#8220;3.26.6&#8243;][et_pb_column type=&#8220;4_4&#8243; _builder_version=&#8220;3.26.6&#8243;][et_pb_text _builder_version=&#8220;3.26.6&#8243; text_text_align=&#8220;center&#8220;]</p>
<h2><span style="font-family: Verdana; font-size:42px;">Unsere Ansprechpartner<br /></span></h2>
<p>[/et_pb_text][et_pb_divider color=&#8220;#000000&#8243; divider_weight=&#8220;3px&#8220; _builder_version=&#8220;3.26.6&#8243; max_width=&#8220;50px&#8220; module_alignment=&#8220;center&#8220;][/et_pb_divider][/et_pb_column][/et_pb_row][et_pb_row column_structure=&#8220;1_2,1_2&#8243; admin_label=&#8220;Members Area&#8220; _builder_version=&#8220;3.26.6&#8243;][et_pb_column type=&#8220;1_2&#8243; _builder_version=&#8220;3.25&#8243; custom_padding=&#8220;|||&#8220; custom_padding__hover=&#8220;|||&#8220;][et_pb_team_member name=&#8220;Dr. Siegfried Hoffmann&#8220; image_url=&#8220;https://vg-initiative.de/wp-content/uploads/2021/07/X2021-06-16-Portraits-03.jpg&#8220; _builder_version=&#8220;3.26.6&#8243; header_font=&#8220;|700|||||||&#8220; body_font=&#8220;||||||||&#8220; body_font_size=&#8220;16px&#8220; text_orientation=&#8220;left&#8220; width=&#8220;63%&#8220; custom_margin=&#8220;|auto||auto|false|false&#8220; animation_style=&#8220;fade&#8220;][/et_pb_team_member][/et_pb_column][et_pb_column type=&#8220;1_2&#8243; _builder_version=&#8220;3.25&#8243; custom_padding=&#8220;|||&#8220; custom_padding__hover=&#8220;|||&#8220;][et_pb_team_member name=&#8220;Dr. Hans Peterse&#8220; image_url=&#8220;https://vg-initiative.de/wp-content/uploads/2021/07/X2021-06-16-Portraits-13.jpg&#8220; _builder_version=&#8220;3.26.6&#8243; header_font=&#8220;|700|||||||&#8220; body_font=&#8220;||||||||&#8220; body_font_size=&#8220;16px&#8220; text_orientation=&#8220;left&#8220; width=&#8220;63%&#8220; custom_margin=&#8220;|auto||auto|false|false&#8220; animation_style=&#8220;fade&#8220;][/et_pb_team_member][/et_pb_column][/et_pb_row][/et_pb_section]</p>

<p>Kontaktvg-initiative Dr. Hoffmann in Stiftung„kunst.konkret.konstruktiv &#8211; vordemberge-gildewart&#8220; c/o Bürgerstiftung Lohstraße 2 49074 Osnabrück info@vg-initiative.de0541 3231000Unsere Ansprechpartner</p>
