{"id":1438,"date":"2020-08-01T09:10:03","date_gmt":"2020-08-01T07:10:03","guid":{"rendered":"https:\/\/vg-initiative.de\/?page_id=1438"},"modified":"2021-11-11T13:28:45","modified_gmt":"2021-11-11T12:28:45","slug":"1438-2","status":"publish","type":"page","link":"https:\/\/vg-initiative.de\/?page_id=1438","title":{"rendered":"Person- und Werkperspektive"},"content":{"rendered":"<p>[et_pb_section fb_built=&#8220;1&#8243; _builder_version=&#8220;3.26.6&#8243; background_color=&#8220;#07a1e2&#8243; background_enable_image=&#8220;off&#8220; background_position=&#8220;center_right&#8220; width=&#8220;100%&#8220; min_height=&#8220;100%&#8220; height=&#8220;100%&#8220; max_height=&#8220;768px&#8220; custom_margin=&#8220;0px||0px||false|false&#8220; custom_padding=&#8220;0px||0px||false|false&#8220; custom_css_main_element=&#8220;background-position: center center;&#8220;][et_pb_row column_structure=&#8220;1_2,1_2&#8243; _builder_version=&#8220;3.26.6&#8243; background_color=&#8220;#07a1e2&#8243; width=&#8220;100%&#8220; max_width=&#8220;100%&#8220; min_height=&#8220;34px&#8220; height=&#8220;100%&#8220; max_height=&#8220;768px&#8220; custom_margin=&#8220;0px||0px||false|false&#8220; custom_padding=&#8220;0px||0px||false|false&#8220;][et_pb_column type=&#8220;1_2&#8243; _builder_version=&#8220;3.26.6&#8243; background_color=&#8220;#07a1e2&#8243; custom_padding=&#8220;55px|||5%|false|false&#8220;][et_pb_text _builder_version=&#8220;3.26.6&#8243; custom_margin=&#8220;||29px|||&#8220;]<\/p>\n<h1><strong><span style=\"color: #ffffff;\">VG-Initiative<\/span><\/strong><strong><span style=\"color: #ffffff;\"><\/span><\/strong><\/h1>\n<p>[\/et_pb_text][et_pb_text _builder_version=&#8220;3.26.6&#8243; text_line_height=&#8220;1.5em&#8220; width=&#8220;70.2%&#8220; custom_margin=&#8220;||||false|false&#8220;]<\/p>\n<p><span style=\"color: #ffffff; font-size: large;\"><span style=\"color: #ffffff;\">Hier lernen Sie uns kennen! Schon seit 2005 laden wir zu unseren Veranstaltungen und Treffen ein. Und auch weiterhin freuen wir uns, wenn Sie bei uns aktiv werden und mitmachen wollen.<\/span><\/span><\/p>\n<p>[\/et_pb_text][\/et_pb_column][et_pb_column type=&#8220;1_2&#8243; _builder_version=&#8220;3.26.6&#8243; background_enable_color=&#8220;off&#8220; custom_padding=&#8220;0px|0px|0px|0px|false|false&#8220; custom_css_main_element=&#8220;display: flex;&#8220;][et_pb_text _builder_version=&#8220;3.26.6&#8243; width=&#8220;27%&#8220; custom_margin=&#8220;0px||0px||false|false&#8220; custom_padding=&#8220;0px||35px||false|false&#8220; custom_css_main_element=&#8220;align-self: flex-end;&#8220;]<\/p>\n<p style=\"text-align: right;\"><span style=\"color: #ffffff; font-size: large;\"><span style=\"color: #ffffff;\"><span style=\"font-size: x-small;\">Quelle: Angela von Brill<\/span><br \/> <\/span><\/span><\/p>\n<p>[\/et_pb_text][et_pb_image src=&#8220;https:\/\/vg-initiative.de\/wp-content\/uploads\/2019\/10\/Veranstaltung1-e1628168377102.jpg&#8220; _builder_version=&#8220;3.26.6&#8243; width_tablet=&#8220;50%&#8220; width_last_edited=&#8220;on|phone&#8220; module_alignment=&#8220;right&#8220; min_height=&#8220;768px&#8220; min_height_last_edited=&#8220;on|desktop&#8220; max_height=&#8220;768px&#8220; custom_margin=&#8220;0px||0px|0px|false|false&#8220; custom_padding=&#8220;0px||0px|10px|false|false&#8220;][\/et_pb_image][\/et_pb_column][\/et_pb_row][\/et_pb_section][et_pb_section fb_built=&#8220;1&#8243; _builder_version=&#8220;3.26.6&#8243; min_height=&#8220;896px&#8220; custom_margin=&#8220;0px||||false|false&#8220; custom_padding=&#8220;30px||0px|||&#8220;][et_pb_row _builder_version=&#8220;3.26.6&#8243; min_height=&#8220;652px&#8220; custom_margin=&#8220;0px|auto||auto|false|false&#8220; custom_padding=&#8220;4px|||||&#8220;][et_pb_column type=&#8220;4_4&#8243; _builder_version=&#8220;3.26.6&#8243;][et_pb_text _builder_version=&#8220;3.26.6&#8243; min_height=&#8220;730px&#8220; custom_margin=&#8220;-3px|||||&#8220; custom_padding=&#8220;0px|||||&#8220;]<span id=\"Ini3\" class=\"text-anchor-offset\"><\/span><\/p>\n<p class=\"Normal\" style=\"text-align: left;\"><strong>Mitmachen<span style=\"font-size: 18px; color: #666666;\">\u00a0<\/span><\/strong><\/p>\n<p class=\"Normal\" style=\"text-align: left;\"><span style=\"font-size: large;\"><span class=\"tm6\">Interessieren Sie sich f\u00fcr Kunst und Kultur?<\/span><br \/> <span class=\"tm6\">W\u00fcnschen Sie sich, Kunst und Kultur in Gemeinschaft zu erleben?<\/span><br \/> <span class=\"tm6\">M\u00f6chten Sie sich b\u00fcrgerschaftlich engagieren?<\/span>\u00a0<\/span><span style=\"font-size: 18px;\">\u00a0<\/span><\/p>\n<p class=\"Normal\" style=\"text-align: left;\"><span class=\"tm7\">Bei uns, in der Vordemberge-Gildewart-Initiative<\/span><span style=\"font-size: 18px;\">\u00a0bieten sich Ihnen vielf\u00e4ltige M\u00f6glichkeiten:<br \/> <\/span><\/p>\n<ul style=\"text-align: left;\">\n<li class=\"Normal\"><span class=\"tm10\">VG-Treffs<\/span><span style=\"font-size: 18px;\">\u00a0f\u00fcr Mitglieder und G\u00e4ste als regelm\u00e4\u00dfige Plattform zum aktuellen Themen- und Informationsaustausch<br \/> <\/span><span style=\"font-size: 18px;\"><\/span><\/li>\n<li class=\"Normal\"><span style=\"font-size: 18px;\">VG-Reisegruppe mit\u00a0<\/span><span style=\"font-size: 18px;\">Ausstellungs- und Atelierbesuchen und Diskussionsrunden mit ausw\u00e4rtigen K\u00fcnstlern <\/span><span class=\"tm10\"><\/span><\/li>\n<li class=\"Normal\"><span class=\"tm10\">VG-Bibliothek<\/span><span class=\"tm10\"> zur Mitwirkung beim Aufbau zu VG und konkreter Kunst und\u00a0<\/span><span style=\"font-size: 18px;\">Veranstaltungen<br \/> zum<\/span><span style=\"font-size: 18px;\">\u00a0handlungsorientierten Erfadieser Kunstrichtung<\/span><\/li>\n<li class=\"Normal\"><span style=\"font-size: 18px;\"><span class=\"tm11\">Vordemberge-Gildewart-Preis der Tischlerinnung<\/span><\/span><\/li>\n<li class=\"Normal\"><em style=\"font-size: 18px;\"><span class=\"tm11\">e<\/span><\/em><span class=\"tm10\">igene<\/span><span style=\"font-size: 18px;\"> <\/span><span class=\"tm10\">Ausstellungen<\/span><span style=\"font-size: 18px;\">\u00a0zur konkreten Kunst entwickeln und begleiten<\/span><\/li>\n<li class=\"Normal\"><span class=\"tm10\">Informationen zum Geburtshaus<\/span><span style=\"font-size: 18px;\"> Vordemberge-Gildewarts, auch als Teil der Stadtgeschichte der Friedensstadt Osnabr\u00fcck<\/span><\/li>\n<li class=\"Normal\"><span class=\"tm10\">VG-Schauvitrine <\/span><span class=\"tm10\">mit Kurzinformationen im Rathaus neben Felix Nussbaum, Erich-Maria Remarque, Hans Calmeyer und Justus M\u00f6ser<\/span><span class=\"tm10\"><\/span><\/li>\n<\/ul>\n<p style=\"text-align: left;\"><span class=\"tm10\"><\/span><\/p>\n<p style=\"text-align: left;\"><span class=\"tm6\" style=\"font-size: 18px;\">Werden Sie Teil der Initiative, machen Sie mit!\u00a0<\/span><span style=\"font-size: 18px;\">Individuell entsprechend Ihrer W\u00fcnsche und Vorstellungen, Ihrer zeitlichen Pr\u00e4ferenzen und Intentionen.\u00a0<\/span><\/p>\n<p style=\"text-align: left;\"><span>Und noch ein besonderer Hinweis: als Initiative sind wir kein Verein; deswegen gibt es auch keine Mitgliedsbeitr\u00e4ge! Auch wenn wir uns nat\u00fcrlich \u00fcber Spenden\u00a0freuen und bei unseren Kunstreisen auch Umlagen anfallen, ist f\u00fcr unsere Besucher in der Regel alles kostenfrei.<\/span><\/p>\n<p>[\/et_pb_text][\/et_pb_column][\/et_pb_row][\/et_pb_section][et_pb_section fb_built=&#8220;1&#8243; _builder_version=&#8220;3.26.6&#8243; custom_padding=&#8220;30px||0px|||&#8220;][et_pb_row _builder_version=&#8220;3.26.6&#8243; width=&#8220;80.5%&#8220; custom_margin=&#8220;|auto|||false|false&#8220; custom_padding=&#8220;3px|||||&#8220;][et_pb_column type=&#8220;4_4&#8243; _builder_version=&#8220;3.26.6&#8243;][et_pb_text _builder_version=&#8220;3.26.6&#8243; width=&#8220;99.9%&#8220; custom_margin=&#8220;||-3px|-3px||&#8220; custom_padding=&#8220;|||0px||&#8220;]<span id=\"Ini1\" class=\"text-anchor-offset\"><\/span><\/p>\n<div class=\"et_pb_module et_pb_text et_pb_text_0 et_pb_bg_layout_light  et_pb_text_align_left\">\n<div class=\"et_pb_text_inner\">\n<p class=\"Normal\" style=\"text-align: left;\"><strong>Sinn und Zweck<\/strong><\/p>\n<p class=\"Normal_Web_ tm8\" style=\"text-align: left;\"><span class=\"tm7\">Als Geburtsort Vordemberge-Gildewarts birgt Osnabr\u00fcck einen Schatz in seinen Mauern, der auf lange Zeit nur wenig wertgesch\u00e4tzt und kaum beachtet wurde. Tats\u00e4chlich gibt es nicht wenige Osnabr\u00fccker, die total \u00fcberrascht erstmals in den besten Museen der Welt, wie z.B. dem MoMA in New York, Bilder von ihm sehen, und zuvor in seiner Heimatstadt noch nichts von ihm geh\u00f6rt hatten.<\/span><\/p>\n<p class=\"Normal_Web_ tm8\" style=\"text-align: left;\"><span class=\"tm7\">An diesem Zustand hat sich erfreulicher Weise einiges ge\u00e4ndert: Durch ihre jahrelange \u00dcberzeugungsarbeit hat es die Vordemberge-Gildewart-Initiative als ein Projekt der B\u00fcrgerstiftung erreichen k\u00f6nnen, dass VG in das kulturelle Ged\u00e4chtnis der Stadt Eingang gefunden hat, und auch hier als ber\u00fchmtester deutscher Vertreter in der konstruktivistischen niederl\u00e4ndischen K\u00fcnstlervereinigung \u201ede stijl\u201c wahrgenommen wird \u2013 und damit als Avantgardist der konkret-konstruktiven Kunst mit mehr als 100j\u00e4hriger Geschichte.<\/span><\/p>\n<p class=\"Normal_Web_ tm8\" style=\"text-align: left;\"><span class=\"tm7\">Um dieses Erbe abzusichern wurde das Vordemberge-Gildewart-Haus 2017 in das Eigentum der\u00a0<\/span><u><a href=\"https:\/\/www.sievert-stiftung.de\/home.html\"><span class=\"tm7\">Sievert Stiftung f\u00fcr Wissenschaft und Kultur<\/span><\/a><\/u><span class=\"tm7\">\u00a0\u00fcbertragen, die hier ihren Stiftungssitz nehmen wird. Hieran schlie\u00dft die Neugr\u00fcndung der Stiftung \u201e<\/span><u><a href=\"https:\/\/vg-initiative.de_2\/\"><span class=\"tm7\">kunst.konkret.konstruktiv \u2013 vordemberge-gildewart<\/span><\/a><\/u><span class=\"tm7\">\u201c als Treuhandstiftung der B\u00fcrgerstiftung an, die jetzt die Vordemberge-Gildewart-Initiative als eigenes Projekt weiterf\u00fchrt.<\/span><\/p>\n<\/div>\n<\/div>\n<p>[\/et_pb_text][\/et_pb_column][\/et_pb_row][\/et_pb_section][et_pb_section fb_built=&#8220;1&#8243; _builder_version=&#8220;3.26.6&#8243; custom_margin=&#8220;-3px|||||&#8220; custom_padding=&#8220;30px||0px|||&#8220;][et_pb_row _builder_version=&#8220;3.26.6&#8243; custom_padding=&#8220;7px|||||&#8220;][et_pb_column type=&#8220;4_4&#8243; _builder_version=&#8220;3.26.6&#8243;][et_pb_text _builder_version=&#8220;3.26.6&#8243;]<span id=\"Ini2\" class=\"text-anchor-offset\"><\/span><\/p>\n<p class=\"Normal\" style=\"text-align: left;\"><strong>\u00dcber uns<span style=\"font-size: 18px; color: #666666;\">\u00a0<\/span><\/strong><\/p>\n<p style=\"text-align: left;\">1999 ehrte die Stadt Osnabr\u00fcck Vordemberge-Gildewart anl\u00e4sslich seines 100. Geburtstags mit einer anspruchsvollen Doppelausstellung: einer Retrospektive im Museum und einer Hommage mit 35 internationalen konkret-konstruktiven K\u00fcnstlern in der Kunsthalle. Nach langen Jahren der Vernachl\u00e4ssigung wurde damit die Aufmerksamkeit des Osnabr\u00fccker Kunstpublikums an VG geweckt. Um anschlie\u00dfend einem bef\u00fcrchteten erneuten Desinteresse in \u00d6ffentlichkeit und Kulturverwaltung zuvorzukommen, erschien ein besonderes b\u00fcrgerschaftliches Engagement unabdingbar.<\/p>\n<p style=\"text-align: left;\">2005 trat daher eine kleine Gruppe Kunstinteressierter mit dem Aufruf zur Gr\u00fcndung einer \u201eVordemberge-Gildewart-Initiative\u201c an die \u00d6ffentlichkeit. Gefragt waren engagierte Personen mit Bereitschaft zur Mitarbeit. Auf formale Vereinsstrukturen wurde bewusst verzichtet. Die Universit\u00e4t Osnabr\u00fcck mit ihren F\u00e4chern Kunst\/Kunstp\u00e4dagogik und Kunstgeschichte griff diese Gedanken sofort auf und unterst\u00fctzte die im VG-Geburtshaus unter dem Rubrum <a href=\"https:\/\/vg-initiative.de\/?page_id=1329#Archiv1\">\u201eVG-Galerie\u201c<\/a> folgenden Ausstellungen konkret-konstruktiver K\u00fcnstler durch die Gestaltung der Einladungsplakate und andere studentische Aktionen.<\/p>\n<p class=\"Standard1 tm7 tm8\" style=\"text-align: left;\"><span class=\"tm9\"><\/span><span class=\"tm9\">Die hierdurch entstehenden K\u00fcnstlerkontakte f\u00fchrten im Laufe der Zeit zu einem z.T. sogar die nationalen Grenzen \u00fcberschreitenden Netzwerk konkret-konstruktiver Kunst. Parallel dazu schlug das VG-Thema auch in der Osnabr\u00fccker Kulturszene langsam Wurzeln. <\/span><\/p>\n<p class=\"Standard1 tm7 tm8\" style=\"text-align: left;\"><span class=\"tm9\"><\/span><span class=\"tm9\">Auf dieser website (\u201evg-initiative.de\u201c) sind daher die VG-Facetten seines Osnabr\u00fccker Nachlebens, aber auch die <\/span><span class=\"tm10\">pers\u00f6nlichen<\/span><span class=\"tm9\"> Umst\u00e4nde im Leben Vordemberge-Gildewarts erfasst. <\/span><\/p>\n<p class=\"Standard1 tm7 tm8\" style=\"text-align: left;\"><span class=\"tm9\"><\/span><span class=\"tm9\">Die website \u201ekunst.konkret.konstruktiv \u2013 vordemberge-gildewart.de\u201c dagegen schlie\u00dft <\/span><span class=\"tm10\">fachlich<\/span><span class=\"tm9\"> an die Bedeutung Vordemberge-Gildewarts f\u00fcr die weitere Entwicklung der konkret-konstruktiven Kunst bis hin zur Gegenwart an.<\/span><\/p>\n<p>[\/et_pb_text][\/et_pb_column][\/et_pb_row][\/et_pb_section][et_pb_section fb_built=&#8220;1&#8243; _builder_version=&#8220;3.26.6&#8243; custom_padding=&#8220;30px||1px|||&#8220;][et_pb_row _builder_version=&#8220;3.26.6&#8243; custom_padding=&#8220;0px|||||&#8220;][et_pb_column type=&#8220;4_4&#8243; _builder_version=&#8220;3.26.6&#8243;][et_pb_button button_url=&#8220;https:\/\/vg-initiative.de\/?page_id=24&#8243; button_text=&#8220;Weiter zu: Regionale Veranstaltungen&#8220; button_alignment=&#8220;center&#8220; _builder_version=&#8220;3.26.6&#8243;][\/et_pb_button][\/et_pb_column][\/et_pb_row][\/et_pb_section]<\/p>\n","protected":false},"excerpt":{"rendered":"<p>VG-InitiativeHier lernen Sie uns kennen! Schon seit 2005 laden wir zu unseren Veranstaltungen und Treffen ein. Und auch weiterhin freuen wir uns, wenn Sie bei uns aktiv werden und mitmachen wollen.Quelle: Angela von Brill Mitmachen\u00a0 Interessieren Sie sich f\u00fcr Kunst und Kultur? W\u00fcnschen Sie sich, Kunst und Kultur in Gemeinschaft zu erleben? M\u00f6chten Sie sich [&hellip;]<\/p>\n","protected":false},"author":4,"featured_media":0,"parent":0,"menu_order":0,"comment_status":"closed","ping_status":"closed","template":"","meta":{"_et_pb_use_builder":"on","_et_pb_old_content":"","_et_gb_content_width":"","footnotes":""},"class_list":["post-1438","page","type-page","status-publish","hentry"],"_links":{"self":[{"href":"https:\/\/vg-initiative.de\/index.php?rest_route=\/wp\/v2\/pages\/1438"}],"collection":[{"href":"https:\/\/vg-initiative.de\/index.php?rest_route=\/wp\/v2\/pages"}],"about":[{"href":"https:\/\/vg-initiative.de\/index.php?rest_route=\/wp\/v2\/types\/page"}],"author":[{"embeddable":true,"href":"https:\/\/vg-initiative.de\/index.php?rest_route=\/wp\/v2\/users\/4"}],"replies":[{"embeddable":true,"href":"https:\/\/vg-initiative.de\/index.php?rest_route=%2Fwp%2Fv2%2Fcomments&post=1438"}],"version-history":[{"count":131,"href":"https:\/\/vg-initiative.de\/index.php?rest_route=\/wp\/v2\/pages\/1438\/revisions"}],"predecessor-version":[{"id":4106,"href":"https:\/\/vg-initiative.de\/index.php?rest_route=\/wp\/v2\/pages\/1438\/revisions\/4106"}],"wp:attachment":[{"href":"https:\/\/vg-initiative.de\/index.php?rest_route=%2Fwp%2Fv2%2Fmedia&parent=1438"}],"curies":[{"name":"wp","href":"https:\/\/api.w.org\/{rel}","templated":true}]}}